 11*z**2 - 3*z - 6. List the prime factors of p(-10).
2, 31
Suppose 0*o + 5*o = 90. List the prime factors of o.
2, 3
Suppose o + 2*w - 14 = 0, -2*w - 12 = -4*o + 4. Suppose 2*l + 42 = 4*d + 2, -5*d + 52 = -3*l. Suppose -2*f = -o*f + d. List the prime factors of f.
2
Let r = 244 - 126. Suppose -2*c = 3*m - r, 2*m - m - 184 = -3*c. What are the prime factors of 7/(-21) - c/(-6)?
2, 5
Let f(p) = p**2 + 15*p - 3. List the prime factors of f(-18).
3, 17
Let i(y) = -y**2 + 6*y - 2. Let p be i(5). Suppose -5*l + 22 = -p. Suppose -15 - 95 = -l*w. What are the prime factors of w?
2, 11
Let k = -1 + 4. Suppose -k = -v - 0. List the prime factors of v.
3
Suppose 2 = a - 1. Suppose 69 = -a*k + 174. List the prime factors of k.
5, 7
List the prime factors of (477/6)/((-6)/(-4)).
53
Suppose 0*c - 5*c + 2*z = -46, 38 = 3*c + 4*z. Suppose -2*t = -2*p - 3*p - c, 4*p = -5*t + 25. List the prime factors of t.
5
Suppose -921 = -3*t + 3*i, 2*t - 6*t + 1243 = i. List the prime factors of t.
2, 5, 31
Suppose -120 = -2*v - v + 3*p, v - 3*p - 42 = 0. Suppose -3*w - 3*a = -v, -2*w = -3*a - 41 - 5. What are the prime factors of w?
17
Let w(i) = -i**3 - 3*i**2 + 5*i - 2. Let c be w(-4). Let v(r) = -5*r - 9. Let a be v(c). What are the prime factors of (6/(-9))/(-2)*a?
7
Suppose -i + 2 = -3. Suppose 3*y + 4*t = 71, 0 = 5*y + i*t - 3*t - 95. Suppose -35 = -4*z + y. What are the prime factors of z?
13
Let i(t) = 10*t**2 + 15*t - 26. What are the prime factors of i(5)?
13, 23
Let d(p) be the second derivative of p**3/3 + 2*p**2 + 5*p. List the prime factors of d(4).
2, 3
List the prime factors of ((-36)/(-6))/(2/7).
3, 7
Let i be (-24)/(-13) - (-6)/39. Suppose 3*m + i*g = 25, -3*m + 3*g = 4*g - 20. Let w(p) = p**2 - p - 6. What are the prime factors of w(m)?
2, 7
Suppose d - 4*a - 33 = -0*d, -5*d = -3*a - 80. What are the prime factors of d?
13
Suppose -y = 3*y - 5*s - 92, 4*y = -5*s + 52. List the prime factors of y.
2, 3
Let u(z) = 324*z. List the prime factors of u(1).
2, 3
Let b(u) = -2*u + 29. Let p(a) = 3*a - 58. Let o(x) = -7*b(x) - 4*p(x). Let f(z) = z + 14. Let s(k) = 7*f(k) - 3*o(k). List the prime factors of s(-9).
2
Let s(c) = 5*c**2 - 2*c + 5. Let n be s(4). Let k = n - 55. What are the prime factors of k?
2, 11
Let j = -6 - -32. List the prime factors of j.
2, 13
Let j = -8 - -10. Suppose -3*a - 3*f = -45, -j*f = 5*a - 4*f - 54. What are the prime factors of a?
2, 3
Suppose -5*q - j = 2*j - 1438, -5*j - 856 = -3*q. Suppose q = 5*o + 2*o. What are the prime factors of o?
41
Let r(p) = -p**3 - 4*p**2 + 2*p**2 + 9 - 5*p**2. Suppose 2*j - 1 = -15. List the prime factors of r(j).
3
What are the prime factors of (-275 - (-1 + -2))/(-2)?
2, 17
Suppose -k = t - 114, 4*k - t = -92 + 528. What are the prime factors of k?
2, 5, 11
Let v be ((-1)/(-2))/(1/(-12)). Let o = 7 + v. Suppose -4*n - 21 = -c, 2*c + 5*n - o = 2. What are the prime factors of c?
3
Let p(n) = 15*n - 19. Let l(w) = -7*w + 9. Let m(f) = -9*l(f) - 4*p(f). What are the prime factors of m(4)?
7
Let u(v) = -2*v + 3. Let a be 2/6 - 11/(-3). Let x be u(a). List the prime factors of 1 - -14 - (x - -7).
13
Suppose 6 = 3*v - 3. Suppose -52 = -v*d + c, -d - 2*c + 4 = c. List the prime factors of (28/(-10))/(d/(-40)).
7
Let u be (7/(21/12))/(-2). What are the prime factors of (-4)/((4/7)/u)?
2, 7
Let j(w) = -2*w + 3. Let i be j(-3). Let t(o) = -i*o - 2 - o**2 - 2 + 2. What are the prime factors of t(-8)?
2, 3
Suppose -3*n + 151 = -89. What are the prime factors of n?
2, 5
Suppose 2*u = 5*u. Suppose -2*w + 168 = 4*j, -w + 126 = 3*j - u*w. List the prime factors of j.
2, 3, 7
Suppose 0 = j - 22 - 3. What are the prime factors of (-124)/10*j/(-10)?
31
Suppose 6*k - 71 = 85. What are the prime factors of k?
2, 13
Let u(q) = -q**3 - 5*q**2 - 5*q - 4. Let h be u(-4). Let w(f) = -f + 10. Let x be w(8). Suppose h*g - x*g + 22 = 0. What are the prime factors of g?
11
Suppose 3*j = -j + 8. Let f = 11 + -7. Suppose y = -f*a + 26, 0*a = 5*a + j*y - 34. List the prime factors of a.
2, 3
Let w(b) be the first derivative of -b**4/4 - 7*b**3/3 - 7*b**2/2 - b + 1. List the prime factors of w(-6).
5
Suppose 0 = 2*n - 15 - 17. Suppose -5*c = -4*w - c + n, 12 = 5*w + 3*c. Suppose -s = 3, -w*j + 27 = 6*s - 3*s. List the prime factors of j.
2, 3
Suppose 3*s + x = 50, x - 23 = 3*s - 69. Let a = s - 7. What are the prime factors of a?
3
Suppose -n - 2 = -2*f, 0*f - 2 = -2*f + 3*n. Let x be 2 - (-1 - (-1)/f). Suppose -s - x = -11. List the prime factors of s.
3
Let f be 2/16 - 46/(-16). Let o = -3 + 9. What are the prime factors of f*1/9*o?
2
Let j = 46 - 33. Suppose 0 = f + 1 - j. List the prime factors of f.
2, 3
Let h be ((-1)/(-2))/((-1)/16). Let l be (h - 6)*1/2. List the prime factors of l/(1 + 6/(-3)).
7
Let v(a) = -a + 11. Let z = 56 - 40. Let h = -8 + z. What are the prime factors of v(h)?
3
List the prime factors of ((-29)/4)/((-2)/8).
29
Suppose 0 = -3*a - 5*n + 37, 2*n - 7*n = 2*a - 33. List the prime factors of (-30)/4*a/(-6).
5
Let z(l) = l**2 + 2*l + 1. Suppose 0 = -4*n + 3 - 7. Let f be z(n). List the prime factors of 0 + f - (-34)/2.
17
Let v(s) = 92*s**3 - s**2 + s. List the prime factors of v(1).
2, 23
Let p = -6 - 6. Let a = -3 - p. What are the prime factors of a?
3
Let k be 18 + (-3)/3 + 3. Suppose -4*r - 3*b + 4*b = -56, 5*b = -k. List the prime factors of r.
13
Suppose 3*i - 4*i = -20. Suppose 2*l + 0*a - i = -a, 5*l - 36 = a. List the prime factors of l.
2
Let v(p) = -3*p + 10. What are the prime factors of v(-13)?
7
Let a(l) = 2*l**3 + 5*l**2 + 2*l - 3. Let t be a(-3). List the prime factors of ((-21)/(-2))/(t/(-24)).
2, 7
Let a be 1*-2 + (-3 - -8). Suppose a*n = 2*c + 7 + 7, 0 = -4*n + 5*c + 21. List the prime factors of n.
2
Suppose -4*g + 4*n = -0*g - 120, -3*n + 134 = 5*g. Suppose -2*p + 2*h + g = 0, -4*h + 6*h = -4*p + 62. What are the prime factors of p?
3, 5
Let o be (-17)/2 - (-2)/(-4). Suppose -4*j + 29 = 185. What are the prime factors of (3 - j/o)*-3?
2
Let p(i) = i + 5. Suppose -t - 4*t = 0. Suppose t = -3*c + 4*c + 3*g, 0 = 2*c - 5*g. What are the prime factors of p(c)?
5
Let x be 69/6 + 6/(-4). Let v(j) = j**3 - 11*j**2 + 11*j + 1. List the prime factors of v(x).
11
Let z(w) = -17*w + 12. Suppose -n = 2*k - 5*n - 12, -5*k + 30 = -5*n. Let b(c) = 8*c - 6. Let r(h) = k*z(h) + 13*b(h). List the prime factors of r(5).
2
Suppose 2*n + 152 - 54 = 0. Let i = 7 - n. Suppose 9 + 7 = 2*l + 4*d, 4*l - 4*d - i = 0. What are the prime factors of l?
2, 3
Let n be (-3)/((-3)/(-2)) - -22. Suppose 2*f - 4*h = 20, 2*f + 2*h = -2*h + n. What are the prime factors of f?
2, 5
Suppose 4*r = 5*u + 55, -u = -2*r + 2 + 21. Suppose v - 1 - r = 0. List the prime factors of v.
11
Suppose 0 = -4*o + 24 - 0. List the prime factors of o.
2, 3
Let n be -2 + 1 + 1 + 0. Suppose -l - l + 36 = n. List the prime factors of l*-1*2/(-4).
3
Suppose -3*l = 3*l - 1908. List the prime factors of l.
2, 3, 53
Suppose 2*b - b - 2 = 0. List the prime factors of (2/(-3))/(b/(-111)).
37
Let r = 59 + -23. Suppose 0 = -n + 3. Suppose 7*u + 4*x = n*u + r, 0 = -2*u + 4*x. What are the prime factors of u?
2, 3
What are the prime factors of (276/8)/((-3)/(-18))?
3, 23
Let b = 125 - 61. What are the prime factors of b?
2
Let t(v) = v**2 - v - 1. Let d be t(-2). Suppose 0 = -j + d + 1. List the prime factors of (-2 + 3)/(2/j).
3
Let j = 11 + 38. List the prime factors of j.
7
Let d = -8 + 66. List the prime factors of d.
2, 29
Suppose -4*x + 3*b = -17, 2*b = x + 3 - 1. What are the prime factors of x?
2
Let c(v) be the third derivative of -v**4/8 + 5*v**3/6 - 2*v**2. What are the prime factors of c(-4)?
17
Let m = -29 - -112. List the prime factors of m.
83
Let r be 3/9 - (-2)/3. Suppose 3*y = 5*l + 9, -l + r = 3*y + 10. List the prime factors of -2*(-6)/4 - y.
5
Let t be (-4)/(1 - 3/2). List the prime factors of 70/t*(5 - 1).
5, 7
Let i(a) = 11*a**2 + a + 2 + 12*a - 12*a**2. List the prime factors of i(10).
2
Let w(i) = -i + 7. Let a(q) = -q**2 - 4*q + 3. Let v be a(-4). Let u be w(v). Suppose 5*s + u*c = 50 - 3, -s + 5*c = 8. List the prime factors of s.
7
Let u = 32 - 7. List the prime factors of u.
5
Suppose 2*l + 0*l - 10 = 0. Let h(a) = -9*a + 8. Let j(t) = 8*t - 7. Let r(i) = l*h(i) + 6*j(i). What are the prime factors of r(5)?
13
Let c(m) =